e 10) to base 3
-2001021001
Convert 388 (base 9) to base 8.
503
Convert 111100101 (base 2) to base 12.
345
What is 1b58 (base 14) in base 2?
1001101110010
What is 33315 (base 9) in base 8?
53157
Convert -10325 (base 6) to base 2.
-10110001101
What is -738 (base 11) in base 3?
-1012220
What is 45234 (base 8) in base 7?
106454
885 (base 9) to base 10
725
What is 408 (base 10) in base 12?
2a0
What is -986 (base 10) in base 14?
-506
Convert 1607 (base 8) to base 16.
387
123042 (base 6) to base 2
10101100100010
Convert -2256 (base 8) to base 6.
-5314
What is 2211 (base 10) in base 2?
100010100011
What is -14041 (base 5) in base 3?
-1120110
Convert dbe0 (base 15) to base 5.
2442220
1105420 (base 6) to base 13
1c452
Convert 742 (base 16) to base 3.
2112211
What is 23230 (base 4) in base 15?
34d
863b (base 12) to base 10
14735
Convert 5411 (base 8) to base 13.
1394
Convert -217 (base 12) to base 9.
-371
What is 1471 (base 8) in base 14?
42d
What is -2442 (base 7) in base 16?
-390
122 (base 15) to base 8
401
What is 446 (base 11) in base 2?
1000010110
-1045450 (base 6) to base 15
-10ae9
1110000111010000 (base 2) to base 8
160720
Convert 931 (base 11) to base 7.
3163
What is -703 (base 13) in base 12?
-82a
-112251 (base 6) to base 14
-3703
Convert 2696 (base 11) to base 4.
312211
-111000001000101 (base 2) to base 7
-146536
-2620 (base 12) to base 14
-1824
What is 10010222 (base 3) in base 2?
100011110110
Convert -48 (base 16) to base 10.
-72
Convert -12d (base 15) to base 6.
-1124
Convert -15633 (base 7) to base 6.
-32310
Convert a22 (base 11) to base 5.
14414
Convert -4db4 (base 14) to base 15.
-40c2
Convert -643 (base 9) to base 2.
-1000001101
-4776 (base 10) to base 9
-6486
-2301 (base 5) to base 15
-16b
266 (base 12) to base 3
111120
Convert -4b91 (base 14) to base 15.
-3dde
What is -11185 (base 9) in base 3?
-101012212
110000 (base 3) to base 5
2244
What is -34329 (base 12) in base 16?
-10fd1
-4380 (base 12) to base 2
-1110100010000
Convert -221000101 (base 3) to base 16.
-473b
-6102 (base 7) to base 13
-c63
-2a637 (base 12) to base 10
-59659
Convert -3185 (base 10) to base 15.
-e25
10211001 (base 3) to base 5
42112
-2312310 (base 4) to base 14
-439a
Convert 10311 (base 6) to base 7.
4054
Convert 120311 (base 4) to base 8.
3065
What is -1af (base 16) in base 3?
-120222
11a16 (base 15) to base 9
85163
What is -3c3 (base 14) in base 10?
-759
What is -340 (base 9) in base 12?
-1b3
2001121 (base 3) to base 14
793
1052 (base 6) to base 10
248
What is 111110010110 (base 2) in base 10?
3990
Convert 4503 (base 10) to base 9.
6153
Convert 21121 (base 5) to base 15.
641
What is 68421 (base 10) in base 4?
100231011
What is 22001210 (base 3) in base 13?
28a4
Convert 224322 (base 5) to base 14.
2d39
Convert -1110001011 (base 2) to base 9.
-1217
Convert -110403 (base 5) to base 8.
-7415
What is 255105 (base 6) in base 4?
11221301
-1000110101111 (base 2) to base 14
-1915
What is 21331 (base 4) in base 14?
337
-2153 (base 6) to base 4
-13311
Convert -471 (base 11) to base 8.
-1062
-277 (base 13) to base 16
-1b4
Convert 356 (base 11) to base 8.
650
What is -1211101 (base 3) in base 15?
-5dd
What is 63a6 (base 11) in base 5?
232330
Convert -6644 (base 7) to base 2.
-100101010000
131 (base 7) to base 12
5b
-10110110000 (base 2) to base 12
-a14
-1816 (base 13) to base 4
-313300
What is b6c (base 14) in base 2?
100011001100
What is 12ba (base 12) in base 14?
b02
-103303 (base 4) to base 14
-667
-256a (base 15) to base 2
-1111100100111
-335 (base 8) to base 3
-22012
What is 111504 (base 6) in base 15?
2c17
Convert -5b (base 13) to base 12.
-64
Convert 11221 (base 12) to base 15.
6b37
What is 2634 (base 7) in base 8?
1755
Convert -1403331 (base 5) to base 12.
-14667
Convert 387 (base 15) to base 10.
802
Convert -780 (base 9) to base 8.
-1177
3309b (base 12) to base 5
4130021
What is -10101011000100 (base 2) in base 14?
-3dc0
-170a (base 12) to base 5
-41441
Convert -938a (base 13) to base 5.
-1123034
111010 (base 3) to base 6
1350
Convert 1220 (base 3) to base 14.
39
What is 957 (base 15) in base 5?
31412
What is -10a (base 12) in base 10?
-154
-1061 (base 7) to base 12
-282
Convert 351245 (base 6) to base 5.
1431000
What is -6c9 (base 13) in base 9?
-1550
What is -5656 (base 9) in base 12?
-2506
What is -1404 (base 6) in base 16?
-16c
Convert 155 (base 15) to base 13.
1a6
Convert -4467 (base 8) to base 14.
-c07
What is 111021 (base 3) in base 2?
101100110
Convert 7452 (base 10) to base 7.
30504
Convert -31201 (base 4) to base 11.
-717
What is -22204 (base 6) in base 13?
-1546
Convert -10220222 (base 3) to base 5.
-42421
4411 (base 5) to base 7
1524
Convert -2011 (base 5) to base 8.
-400
6a1 (base 12) to base 7
2605
Convert 161323 (base 8) to base 10.
58067
What is 105425 (base 7) in base 5?
1044422
What is -3216 (base 16) in base 12?
-7506
-9497 (base 11) to base 6
-134105
Convert 30a0 (base 14) to base 9.
12432
What is 5cc (base 14) in base 4?
102020
Convert -1a7 (base 13) to base 12.
-216
-7f1 (base 16) to base 3
-2210022
-261 (base 15) to base 11
-452
-13142 (base 5) to base 3
-1102210
What is -4435 (base 7) in base 3?
-2012001
-9802 (base 14) to base 15
-7bb1
-17644 (base 8) to base 11
-60a4
What is 5d76 (base 14) in base 3?
211110101
What is 2103204 (base 5) in base 2?
1000011111110100
101101110111 (base 2) to base 9
4021
Convert -3bf (base 16) to base 2.
-1110111111
Convert 22303 (base 4) to base 8.
1263
Convert -302040 (base 5) to base 12.
-56b9
Convert 11b0 (base 14) to base 11.
2363
-53 (base 8) to base 12
-37
21021000 (base 3) to base 5
132132
What is 16851 (base 11) in base 3?
1012102222
What is 117576 (base 8) in base 11?
28749
What is -758 (base 11) in base 2?
-1110001110
Convert -176 (base 14) to base 6.
-1220
What is 21a8 (base 11) in base 10?
2901
What is -100020000 (base 3) in base 12?
-3a83
-54 (base 12) to base 13
-4c
Convert 300 (base 16) to base 5.
11033
Convert -935 (base 13) to base 10.
-1565
What is -32020 (base 4) in base 2?
-1110001000
1345 (base 6) to base 2
101100001
What is -122 (base 4) in base 7?
-35
1611 (base 14) to base 4
331133
21110001 (base 3) to base 4
1110310
1037 (base 13) to base 14
b63
Convert 297 (base 13) to base 14.
250
32563 (base 11) to base 6
1002443
Convert -74d (base 14) to base 12.
-a01
What is 287 (base 16) in base 7?
1613
What is 12313232 (base 4) in base 11?
1a164
-23233 (base 5) to base 6
-11501
Convert -1060 (base 13) to base 14.
-b87
-511 (base 6) to base 16
-bb
-632 (base 13) to base 3
-1110002
What is 3d8 (base 15) in base 16?
36e
Convert 68c (base 13) to base 11.
938
Convert -1a1 (base 14) to base 3.
-110111
What is 700 (base 14) in base 16?
55c
-231130 (base 4) to base 5
-43113
719 (base 15) to base 7
4443
10ba4 (base 12) to base 10
22444
20223132 (base 4) to base 8
105336
-1233 (base 12) to base 11
-15a9
Convert 111001001010110 (base 2) to base 4.
13021112
Convert 2111101 (base 3) to base 7.
5206
-20300 (base 4) to base 9
-682
-1615 (base 10) to base 9
-2184
Convert 1232 (base 4) to base 14.
7c
8b4a (base 12) to base 7
63043
What is -4b69 (base 15) in base 12?
-9376
Convert -24a5 (base 16) to base 9.
-13773
Convert 41133 (base 5) to base 13.
12a3
Convert -35623 (base 8) to base 3.
-202220212
Convert 153217 (base 9) to base 12.
46637
2250 (base 6) to base 7
1362
What is -15a (base 16) in base 6?
-1334
a0 (base 16) to base 12
114
Convert -245 (base 11) to base 9.
-353
What is -7c4 (base 16) in base 15?
-8c8
Convert -1431 (base 9) to base 3.
-1111001
Convert -278 (base 12) to base 7.
-1052
Convert 883 (base 14) to base 9.
2270
What is 3ec0 (base 16) in base 11?
11084
Convert -155 (base 11) to base 6.
-501
3040 (base 7) to base 3
1110011
Convert 17671 (base 8) to base 11.
6113
What is 1842 (base 11) in base 3?
10012212
Convert -2678 (base 15) to base 10.
-8213
What is -2220211 (base 3) in base 11?
-1665
Convert 2cc (base 13) to base 14.
282
Convert -3635 (base 9) to base 15.
-c05
What is -4232 (base 5) in base 14?
-2c7
20400 (base 6) to base 14
dd6
-2353 (base 14) to base 4
-1200011
Convert 3320 (base 6) to base 9.
1043
2040 (base 7) to base 16
2ca
Convert b643 (base 13) to base 7.
133401
What is 1354 (base 11) in base 6?
12041
Convert 956 (base 10) to base 15.
43b
Convert -14009 (base 16) to base 14.
-21c01